. Let x = 200 + d. What is the highest common factor of x and 12?
12
Let l be 0 + (-451590)/(-70) + -5 + (-2)/7. What is the highest common factor of 44 and l?
22
Let g be 16/(-2) - 1 - 48/(-12) - -3182. Calculate the highest common factor of g and 36.
9
Let u = -9448 + 21736. Calculate the greatest common factor of 48 and u.
48
Let b = -484 - -942. Let l = b - 403. Calculate the greatest common divisor of 880 and l.
55
Suppose -491730 = -97*t + 23*t. What is the highest common divisor of t and 30?
15
Let q = -327 + 652. Suppose 72*i = -6*b + 73*i + 71, 0 = -5*b + i + 58. Calculate the greatest common divisor of b and q.
13
Let d = -556 - -1196. Calculate the greatest common divisor of 20 and d.
20
Suppose -4*m + 9*c + 104020 = 14*c, 4*m = c + 103996. What is the highest common divisor of m and 65?
65
Let n(g) = g**3 + 43*g**2 - 1436*g - 147. Let s be n(-65). Let r = 24 + 12. Calculate the greatest common factor of r and s.
9
Let s(z) = 16*z + 236. Suppose 0 = 3*i + 2*p + 29, 2*p = 3 - 11. Let v be s(i). Calculate the greatest common factor of v and 4.
4
Let w(x) = x**3 - 4*x**2 - 12*x + 2. Let v be w(8). Let h = 175 - v. Let g be -8*(1 - 15/2). Calculate the greatest common factor of h and g.
13
Let m = 210 - 122. Let i be ((-36)/(-10))/((-20)/(-50)). Suppose -i*c + 74 = 2. What is the greatest common factor of m and c?
8
Let b(z) = z**2 + z - 2. Let n be b(-4). Suppose n*m + 9*m = 2128. Calculate the highest common factor of m and 32.
16
Suppose 39 = -3*g + 11*t, -4*t = 3*g + 27 - 78. Suppose 0 = -r, -21 = -p + 2*r - 3. What is the greatest common factor of g and p?
9
Let i = -42126 - -42451. Calculate the highest common factor of i and 1105.
65
Let c = -116 + 228. Suppose 2*d = -2*w + 48, -2*w = -3*w + 5*d + 48. Calculate the greatest common divisor of c and w.
28
Let q = -998 + 1435. What is the greatest common divisor of q and 391?
23
Let q be (-740)/(-11*40/21780). What is the highest common factor of 111 and q?
111
Suppose -4*z - 3*q - 44 = -3*z, 3*q = z + 68. Let p be 89/7 - 16/z. Suppose 2*c - 222 = 12. What is the highest common factor of c and p?
13
Let r be (-5580)/248*12/(-2). Calculate the greatest common divisor of 180 and r.
45
Let p = 6165 + -2195. What is the greatest common factor of p and 10?
10
Suppose 4*l - 112 = -0*l. Suppose 197*h - 740 - 48 = 0. Calculate the highest common factor of l and h.
4
Suppose -7*q - 4*q = -16051 - 31502. What is the highest common factor of 66 and q?
33
Let h = 45 + -39. Let d be (20/1 - (h + -5))*1. Calculate the highest common factor of 171 and d.
19
Suppose 3*b + 4*z = 86 + 33, 20 = 4*z. Suppose -8 = -4*d, 4*n - 5*d + 27 = -7. Let q be (n/(-1))/((-8)/(-44)). Calculate the highest common divisor of b and q.
33
Let w be (-54)/(-42) + 59710/245. Let p = -2 + 7. Calculate the highest common divisor of p and w.
5
Suppose 11*u = 9*u, 384 = 27*v - 23*v + 2*u. What is the greatest common divisor of 900 and v?
12
Let t(f) = f - 1. Let y(c) = -10*c + 17. Let m(l) = -6*t(l) - y(l). Let u be m(15). Let x = u + -41. What is the highest common divisor of x and 20?
4
Suppose -20*b + 10*b + 1320 = 0. What is the highest common divisor of b and 572?
44
Suppose 217*o - 40773 = 258470. Calculate the greatest common factor of 7 and o.
7
Suppose -5*t + 5502 = 4*a + 80, 4*a - 5432 = -10*t. What is the greatest common divisor of 561 and a?
33
Let f = 8253 + -7056. Calculate the greatest common factor of 21 and f.
21
Let i = -300 + 297. Let u(j) = -3*j - 3. Let n be u(i). Calculate the greatest common factor of n and 24.
6
Let o be (-6805 - -5)/(-5) + 1. Suppose 74 = -3*q + o. What is the highest common factor of 33 and q?
33
Suppose 5*a - 2*w - 23 = 0, -4*a + 5 = w - 3. Suppose -a*y - 1277 = -5*i, -7*i - 518 = -9*i + 3*y. Calculate the highest common divisor of 11 and i.
11
Let d be (-8 - (-1458)/(-63)) + 2/14. Let r = d - -42. What is the highest common factor of 275 and r?
11
Suppose -3*z + 386 = n, z + 6*n = 2*n + 147. Let r = z - 123. Let m be (-6)/(-1) - 28/(-14). Calculate the greatest common divisor of r and m.
4
Let z(f) = 17*f**2 + 262*f - 791. Let o be z(3). Calculate the greatest common factor of o and 5513.
37
Suppose -3*d - 3 = 0, -17*s + 4*d - 5746 = -22*s. What is the highest common factor of 5 and s?
5
Let p(w) = 199*w - 24. Let a be p(3). Let u = a + 36. What is the greatest common factor of 42 and u?
21
Suppose 0 = -3*u - 2*q + 3*q + 532, 3*q + 164 = u. Let i = u + -91. Calculate the greatest common factor of i and 8.
8
Let f = 4857 - 3996. What is the highest common divisor of f and 82?
41
Suppose -6*i = 1011 - 249. Let w = -120 - i. Suppose -45 = -w*m + 2*m. Calculate the highest common divisor of 117 and m.
9
Let k(x) = -x**3 - 3*x**2 - 2*x - 2. Let f be k(-2). Let a be -1 - (0 + -11 - f). Let u = 4330 + -4282. What is the greatest common divisor of u and a?
8
Suppose -i = -t - 7, 0 = -5*i - 2*t - 0*t + 28. Let j be (i + 270/(-40))/(2/(-16)). Calculate the highest common factor of j and 4.
2
Let d = 704 + -647. Calculate the highest common factor of d and 1805.
19
Let t(r) = 97*r - 256. Let q be t(118). Calculate the highest common factor of 30 and q.
30
Suppose 0 = -14*v - 41 + 69. Suppose 23*g + 440 = 27*g + v*l, 0 = 2*g + 4*l - 208. Calculate the highest common divisor of 728 and g.
56
Suppose 4*l - 2*l = 3*s - 101, -2*s + 5*l + 82 = 0. Let t(r) = r**2 - 8*r + 10. Let a be t(5). Let z = a + s. Calculate the highest common factor of 39 and z.
13
Let k(g) = -g**3 - 15*g**2 - 10*g + 294. Let x be k(-13). Calculate the greatest common divisor of 74 and x.
2
Let y(j) be the second derivative of 19*j**3/6 - 59*j**2/2 - j - 3. Let r be y(6). Let x = -39 + r. What is the greatest common divisor of x and 144?
16
Suppose 0 = 4*z + 3*j - 25, -6*z + z - 4*j + 32 = 0. Suppose -5*b + 2*n = -4 - 230, z*b = 5*n + 177. Calculate the highest common factor of 12 and b.
12
Let a be -3 - ((248 - -6) + 5). Let z = 298 + a. What is the highest common divisor of z and 288?
36
Let s(f) = 5*f**2 + 7*f - 318. Let p be s(-16). Calculate the highest common divisor of p and 200.
50
Let j be (756/(-420))/((-78)/260). Let p be (-6)/2 + -1 - -1. Let o be 4/6*p*-3. Calculate the highest common divisor of o and j.
6
Suppose 129 = 5*l + 9. Let b be (0 - -2)/(4/6) + 18. Let a = l - b. Calculate the highest common divisor of a and 6.
3
Let u(j) = j**2 - 14*j - 49. Let g be u(-3). Let b be (-2 + -3 + -526)*g/(-2). What is the highest common divisor of 9 and b?
9
Let h(l) = -2*l**3 + l**2 - 3*l + 2. Let t be h(0). Suppose -3 = -t*u + 45. Calculate the highest common factor of u and 32.
8
Suppose -5*w + 4*r + 4191 = r, 3*w - 2488 = -2*r. Calculate the greatest common factor of w and 6.
6
Suppose 2 + 2 = -f - 2*w, 0 = 2*f - w + 3. Let v be 4/(-1) + 0/f. Let q be 3 + (-4 - v) + -1. What is the highest common factor of q and 32?
2
Let n = -2553 - -2595. Calculate the greatest common factor of 78 and n.
6
Suppose 2*g = -g + b, -g + 2 = -b. Let o(x) = -x**3 - 2*x**2 - x + 1. Let z be o(g). What is the greatest common factor of 31 and z?
1
Suppose 5*x - 185 = -3*b, x + 46 = 44. Calculate the highest common divisor of 2964 and b.
13
Suppose -48*t + 10716 = -6516. Let g = 363 - t. Suppose -4*z - 91 = -299. What is the highest common divisor of z and g?
4
Suppose 18*z + 463 = 517. Let b(c) = 4*c + 4*c**2 + 2 - 6*c**2 - 2*c**2 + 3*c**2. Let d be b(z). What is the greatest common divisor of 15 and d?
5
Suppose -8*q + 2176 = 8*q. Let d = q + -127. Let l be 2181/9 + (-2)/(-3). What is the greatest common divisor of l and d?
9
Let v(y) = 228*y - 592. Let u be v(4). What is the greatest common factor of u and 7200?
160
Let q = 1348 + -1256. Suppose -12*r + 345 = -7*r. What is the greatest common factor of q and r?
23
Let m(k) = -k**2 + 3*k + 75. Let d be m(-7). Suppose 2*c = 10, d*a + 3*c = 424 + 196. What is the greatest common factor of 22 and a?
11
Let t = -1502 + 1513. What is the highest common divisor of t and 1507?
11
Let s be 270/50 - 4/10. Suppose h + 5*z = 142, 0 = s*h - 3*h + 3*z - 270. Suppose 2*d + 9*d - h = 0. What is the greatest common factor of 8 and d?
4
Let o(p) = p**3 + 6*p**2 + 4*p + 5. Let w be o(-5). Suppose g + 3 + 2 = 0. Let n = g + w. What is the highest common divisor of 40 and n?
5
Let r be ((-11142)/162*-6)/((